205
Suppose y - 5355 = -27*m + 26*m, -2*m - 5*y + 10725 = 0. What is the highest common divisor of m and 25?
25
Suppose 6*h - 34 = 122. Suppose -q = -74 + h. Calculate the greatest common divisor of 64 and q.
16
Let w = -336 - -482. Suppose 2*l = 30 + w. Let n(o) = 3*o**2 + 2*o + 3. Let a be n(-2). Calculate the greatest common divisor of a and l.
11
Suppose -108 = -k + 5*a, 11*a - 216 = -2*k + 8*a. Let h be (-1 - 1)*k/(0 + -9). What is the highest common divisor of h and 288?
24
Suppose 0 = 24*x - 12*x + 48. Let i be (62/x*2)/(1/(-1)). Calculate the greatest common factor of i and 217.
31
Suppose 3*j = -5757 + 5925. Calculate the highest common factor of j and 847.
7
Let b be 18*(-4 - 52/(-3)). Let z be ((-6)/(-9))/(-2*(-5)/b). What is the highest common divisor of z and 544?
16
Suppose 190 + 146 = 21*v. Suppose 0 = 4*n - v, -23*q = -18*q - 3*n - 208. Calculate the greatest common divisor of q and 22.
22
Let m(x) = 6*x**2 - 92*x + 196. Let r be m(27). What is the highest common factor of 14 and r?
14
Suppose 0 = 5*n - k - 508, 5*n + 157 - 677 = 5*k. Let q = n + -83. Suppose 16*i - 18*i = -q. What is the highest common factor of 117 and i?
9
Suppose j = v + 18, 0 = 2*j + 3*v - 45 + 9. What is the greatest common factor of j and 29934?
18
Let g = -3402 + 3537. Let o(d) = -4*d**2 + d**3 + 2*d**2 + 6 + 0*d**2. Let b be o(3). What is the highest common divisor of b and g?
15
Let w(n) = -27*n - 502. Let s be w(-20). Calculate the greatest common factor of s and 3173.
19
Suppose -16128 = -5*c - 27*c. Calculate the highest common divisor of c and 180.
36
Let x = -46 - -76. Let t be 4/(-22) + (-50)/(-275). Suppose t = -180*o + 201*o - 315. What is the greatest common factor of o and x?
15
Let d be (-29)/174 - (3525/18 - 2). Let a = d - -271. Let n(f) = -f**3 - 7*f**2 - 9*f - 7. Let z be n(-6). What is the greatest common divisor of a and z?
11
Let n be (-84)/24 - (-14)/(-4). Let i be -3*(24/(-18) + n). What is the greatest common factor of i and 10?
5
Suppose 3*n = 2*h - 2321, 0 = 29*h - 31*h + n + 2307. What is the greatest common factor of 184 and h?
46
Let c(y) = y**3 - 7*y**2 - 16*y - 14. Let m be c(9). Suppose 5*u = 5*l - 803 - 117, 0 = -m*u. Calculate the greatest common divisor of 8 and l.
8
Suppose -157*b + 77832 = -16*b. What is the highest common factor of 3243 and b?
69
Let s be 121706/169 - (-14)/(-91). Calculate the greatest common factor of s and 1280.
80
Let c = -182 - -203. Let s be -53*(-50)/14 + 6/(-21). What is the highest common divisor of s and c?
21
Suppose -60*a + 4291 - 74 = -583. Calculate the highest common factor of a and 6.
2
Let m(q) = 5*q**3 - 9*q**2 - 7*q + 7. Let i be m(5). Suppose -i = -7*p + 104. What is the highest common divisor of p and 4?
4
Suppose -p + o - 11 + 23 = 0, o + 28 = 3*p. Let v = 2 - -13. Let d(z) = -z**2 + 18*z - 21. Let a be d(v). Calculate the highest common divisor of p and a.
8
Suppose -4*m + 1094 = s, -38*s + 42*s + 11*m = 4426. Let o(y) = -y**3 - 5*y**2 + 6. Let p be o(-6). Calculate the greatest common divisor of s and p.
42
Let j(w) = 61*w + 4. Let h be j(9). Suppose 5*b - 785 = -5*i, 82*i + b - 315 = 80*i. What is the highest common factor of i and h?
79
Suppose 0 = -49*x + 8931 - 3296. Calculate the greatest common divisor of 43815 and x.
115
Let h(x) = 107*x**2 - 34*x + 305. Let q be h(7). What is the highest common factor of q and 180?
90
Suppose -5*o + 10*o + 2*y = 11019, -6612 = -3*o - y. What is the highest common factor of 90 and o?
45
Let z be 5 - 2 - 3 - 6. Let l(m) = m**3 + 9*m**2 + 7*m + 4. Let b be l(z). Let c be -8 + 4 + (22 - 4). Calculate the greatest common divisor of c and b.
14
Let h(v) = -4*v**3 + 3*v - 1. Let n be h(-4). Let z be 31/10 + (-12)/(25 - -95). Calculate the highest common divisor of z and n.
3
Suppose -f + 16*h - 19*h = -2841, 5*h - 14165 = -5*f. What is the greatest common factor of f and 345?
69
Let t(j) = 218*j**2 + 2*j + 5. Let h be t(-5). What is the greatest common divisor of 45 and h?
45
Let h(i) = -i**2 + 12*i + 1138. Let d be h(30). What is the highest common divisor of 46 and d?
46
Let o(c) = -c + 12. Let j be o(-9). Suppose -6 = 4*n - 2*n - 2*t, -5*n = -2*t + j. Let m be ((-216)/40)/(1/n). Calculate the highest common divisor of 9 and m.
9
Let g = 3992 - 2489. Calculate the highest common factor of g and 2672.
167
Suppose 103*b - 8455 = 6290 + 11623. Calculate the greatest common divisor of 50 and b.
2
Let w(h) = -h - 1. Let p be w(-11). Let o = -35240 + 35280. Calculate the highest common factor of o and p.
10
Suppose 0 = 576*z - 570*z - 1821 - 867. What is the greatest common divisor of z and 84?
28
Let c be (102/(-15))/((-6)/15). Let i(k) = k + 6. Let y be i(-8). Let z be ((-476)/y)/((-4 - -4) + 2). What is the greatest common factor of c and z?
17
Let b(x) = -x**3 + 20*x**2 + 47*x - 67. Let l be b(18). Suppose -3*i = 5*v - l, 2*i + v = 4*v + 983. What is the highest common factor of 22 and i?
22
Let y(i) = -46*i**2 + 12*i - 14. Let p be y(3). Let c = 1162 + p. Calculate the highest common factor of c and 70.
70
Let n(k) = -9*k**3 - 10*k**2 + 28*k - 3. Let l be n(-9). What is the highest common divisor of l and 12?
12
Suppose 4*l = -16, -4*n - 4*l - 30 = 2. Let c be 10 + n + -3 + 2. Let w be ((-200)/(-16))/((-2)/(-4)). Calculate the highest common factor of w and c.
5
Let a(v) = -132*v**2 - 121*v**2 + 16 + 254*v**2 - 10*v. Let n be a(0). Calculate the greatest common divisor of n and 2.
2
Let z(v) = -127*v**3 - v**2 - 3*v - 1. Let p be z(-1). Suppose 0 = 3*l + f - 46, -l + 4*f - 8 + 32 = 0. What is the greatest common divisor of p and l?
16
Let b(h) = -36*h + 1160. Let l be b(12). What is the greatest common divisor of l and 224?
56
Let k = 54 - 48. Let l be (-2)/((-5)/k*4/175). Let r be 304/20 + (-1)/5. What is the highest common factor of l and r?
15
Let n = 606 - -987. Calculate the greatest common divisor of 295 and n.
59
Let g = -472 + 33. Let n = g + 633. Let q = n + -89. Calculate the highest common factor of q and 21.
21
Let w = -140 + 320. What is the highest common divisor of w and 99?
9
Let n = -209 + 214. Suppose -3*f = -n*r + 7*r - 145, -r - 4 = 0. What is the highest common factor of 459 and f?
51
Suppose -2*u + 1 - 13 = 0. Let a be (30/u)/20 + (-18)/(-8). Suppose 3*q + a*y - 21 = 0, -5*q = -q - 2*y - 28. Calculate the greatest common factor of q and 7.
7
Suppose -43*o + 48 = -55*o. Let p be 58*o*25/(-20). Calculate the greatest common factor of p and 10.
10
Suppose -58324 - 105526 = -154*g + 4934. Calculate the greatest common factor of g and 959.
137
Suppose 5*f - 158 = -3*q - 0*f, -3*f = 4*q - 207. Let l = 230 + -223. Suppose m = 2*r - l*r + 82, -23 = -r + 2*m. What is the greatest common factor of r and q?
17
Let k(g) = -4*g**3 - 2*g**2 - 4*g - 40. Let r be k(-5). Let y = r + 87. What is the highest common factor of y and 11?
11
Let n be 2 + 1 + 0 + 67. Suppose 648 = 3*m - 2*x, 543 = -3*x + 516. Calculate the greatest common factor of n and m.
70
Let h = 263 - 218. Suppose -5*l + 2*z = -60, -7*l = -10*l + 3*z + h. What is the highest common factor of 55 and l?
5
Let v be 50 + (-1 - 14) - 5. Calculate the highest common factor of 1375 and v.
5
Suppose 5*g - 5*t = -3 + 8, -2*g - 2*t - 6 = 0. Let c be (11/55)/(g/(-115)). What is the greatest common divisor of c and 69?
23
Let y(k) = 575*k + 58. Let x be y(11). What is the greatest common divisor of 52 and x?
13
Suppose 2*b = 4, 4*g = 4*b - 77 + 549. Let u = -922 + 932. What is the greatest common divisor of g and u?
10
Suppose 45*y - 42*y - 363 = 0. Let d = 17 + y. Calculate the highest common factor of 69 and d.
69
Suppose -4*a + 8 = -3*t, 0 = -3*t - 2*a + 30 - 8. Suppose 0 = -r - 17*w + 13*w + 216, -t*w = 2*r - 440. Calculate the greatest common divisor of r and 32.
32
Let h(r) = -188*r**3 + 3*r**2 - 2*r - 3. Let v be h(-1). What is the greatest common divisor of 2755 and v?
95
Let p be (-7932)/(-68) - (-342)/969. Calculate the greatest common factor of 27 and p.
9
Let z be (-565)/(-115) + 8/92. Suppose -93 - 115 = -2*j - 2*m, -2*j - z*m + 202 = 0. What is the greatest common factor of j and 583?
53
Let q = 627 - 620. Suppose 10 = o - 8. Let a be ((-36)/q)/(o/(-84)). What is the greatest common factor of a and 12?
12
Suppose 23*d - 27*d + 232 = 0. Let b = d - 29. Let f be (-6